{"id":78,"date":"2015-04-15T18:57:59","date_gmt":"2015-04-15T18:57:59","guid":{"rendered":"https:\/\/lluisrd.com\/TIC\/?page_id=78"},"modified":"2015-05-05T17:09:24","modified_gmt":"2015-05-05T17:09:24","slug":"internet-creix","status":"publish","type":"page","link":"https:\/\/lluisrd.com\/TIC\/internet-creix\/","title":{"rendered":"<!--:ca-->Internet creix<!--:--><!--:es-->Internet crece<!--:--><!--:en-->Internet grows<!--:-->"},"content":{"rendered":"<p><!--:es--><a href=\"https:\/\/lluisrd.com\/TIC\/wp-content\/uploads\/2015\/04\/Map-GIF.gif.gif\"><img loading=\"lazy\" decoding=\"async\" class=\"aligncenter size-full wp-image-79\" src=\"https:\/\/lluisrd.com\/TIC\/wp-content\/uploads\/2015\/04\/Map-GIF.gif.gif\" alt=\"Map-GIF.gif\" width=\"1890\" height=\"900\" \/><\/a><br \/>\n<span style=\"color: #333333;\"> Los enlaces de Fibra \u00f3ptica bajo el mar permiten conectar diferentes pa\u00edses y tiene el efecto de desdibujarnos el concepto dedistancia.<\/span><\/p>\n<p style=\"text-align: center;\"><span style=\"color: #808080;\">Special thanks to <a style=\"color: #808080;\" title=\"telegeography\" href=\"https:\/\/www.telegeography.com\/index.html\" target=\"_blank\">Telegeography<\/a> for making this data public.And his amazing map <a style=\"color: #808080;\" title=\"submarinecablemap\" href=\"http:\/\/www.submarinecablemap.com\/\" target=\"_blank\">submarinecablemap<\/a><\/span><\/p>\n<p><!--:--><!--:ca--><a href=\"https:\/\/lluisrd.com\/TIC\/wp-content\/uploads\/2015\/04\/Map-GIF.gif.gif\"><img loading=\"lazy\" decoding=\"async\" class=\"aligncenter size-full wp-image-79\" src=\"https:\/\/lluisrd.com\/TIC\/wp-content\/uploads\/2015\/04\/Map-GIF.gif.gif\" alt=\"Map-GIF.gif\" width=\"1890\" height=\"900\" \/><\/a><br \/>\n<span style=\"color: #333333;\"> Els enlla\u00e7os de Fibra \u00f2ptica sota el mar permeten connectar diferents pa\u00efsos i te l&#8217;efecte de desdibuixar-nos el concepte &#8220;dist\u00e0ncia&#8221;.<\/span><\/p>\n<p style=\"text-align: center;\"><span style=\"color: #808080;\">Special thanks to <a style=\"color: #808080;\" title=\"telegeography\" href=\"https:\/\/www.telegeography.com\/index.html\" target=\"_blank\">Telegeography<\/a> for making this data public.And his amazing map <a style=\"color: #808080;\" title=\"submarinecablemap\" href=\"http:\/\/www.submarinecablemap.com\/\" target=\"_blank\">submarinecablemap<\/a><\/span><\/p>\n<p><!--:--><!--:en--><a href=\"https:\/\/lluisrd.com\/TIC\/wp-content\/uploads\/2015\/04\/Map-GIF.gif.gif\"><img loading=\"lazy\" decoding=\"async\" class=\"aligncenter size-full wp-image-79\" src=\"https:\/\/lluisrd.com\/TIC\/wp-content\/uploads\/2015\/04\/Map-GIF.gif.gif\" alt=\"Map-GIF.gif\" width=\"1890\" height=\"900\" \/><\/a><span style=\"color: #333333;\">Optical fiber links allow underwater connect different countries and has the effect of blurring us the concept of &#8220;distance&#8221;.<\/span><\/p>\n<p style=\"text-align: center;\"><span style=\"color: #808080;\">Special thanks to <a style=\"color: #808080;\" title=\"telegeography\" href=\"https:\/\/www.telegeography.com\/index.html\" target=\"_blank\">Telegeography<\/a> for making this data public.And his amazing map <a style=\"color: #808080;\" title=\"submarinecablemap\" href=\"http:\/\/www.submarinecablemap.com\/\" target=\"_blank\">submarinecablemap<\/a><\/span><\/p>\n<p><!--:--><\/p>\n","protected":false},"excerpt":{"rendered":"<p>Los enlaces de Fibra \u00f3ptica bajo el mar permiten conectar diferentes pa\u00edses y tiene el efecto de desdibujarnos el concepto dedistancia. Special thanks to Telegeography for making this data public.And his amazing map submarinecablemap Els enlla\u00e7os de Fibra \u00f2ptica sota el mar permeten connectar diferents pa\u00efsos i te l&#8217;efecte de desdibuixar-nos el concepte &#8220;dist\u00e0ncia&#8221;. Special [&hellip;]<\/p>\n","protected":false},"author":3,"featured_media":0,"parent":0,"menu_order":0,"comment_status":"closed","ping_status":"open","template":"page-fullwidth.php","meta":{"footnotes":""},"class_list":["post-78","page","type-page","status-publish","hentry"],"_links":{"self":[{"href":"https:\/\/lluisrd.com\/TIC\/wp-json\/wp\/v2\/pages\/78","targetHints":{"allow":["GET"]}}],"collection":[{"href":"https:\/\/lluisrd.com\/TIC\/wp-json\/wp\/v2\/pages"}],"about":[{"href":"https:\/\/lluisrd.com\/TIC\/wp-json\/wp\/v2\/types\/page"}],"author":[{"embeddable":true,"href":"https:\/\/lluisrd.com\/TIC\/wp-json\/wp\/v2\/users\/3"}],"replies":[{"embeddable":true,"href":"https:\/\/lluisrd.com\/TIC\/wp-json\/wp\/v2\/comments?post=78"}],"version-history":[{"count":11,"href":"https:\/\/lluisrd.com\/TIC\/wp-json\/wp\/v2\/pages\/78\/revisions"}],"predecessor-version":[{"id":123,"href":"https:\/\/lluisrd.com\/TIC\/wp-json\/wp\/v2\/pages\/78\/revisions\/123"}],"wp:attachment":[{"href":"https:\/\/lluisrd.com\/TIC\/wp-json\/wp\/v2\/media?parent=78"}],"curies":[{"name":"wp","href":"https:\/\/api.w.org\/{rel}","templated":true}]}}