{"id":8,"date":"2014-12-30T16:48:39","date_gmt":"2014-12-30T16:48:39","guid":{"rendered":"https:\/\/lluisrd.com\/TIC\/?page_id=8"},"modified":"2025-08-06T09:05:58","modified_gmt":"2025-08-06T09:05:58","slug":"shortly-about-me","status":"publish","type":"page","link":"https:\/\/lluisrd.com\/TIC\/shortly-about-me\/","title":{"rendered":"Shortly About Me"},"content":{"rendered":"<p><!--:ca--><span style=\"display: inline-block; width: 0px; overflow: hidden; line-height: 0;\" data-mce-type=\"bookmark\" class=\"mce_SELRES_start\">\ufeff<\/span><\/p>\n<div class=\"wrapper pad_bot1\">\n<div class=\"col1\">\n<p class=\"pad_bot1\"><a href=\"https:\/\/lluisrd.com\/TIC\/wp-content\/uploads\/2014\/12\/LluisRotger-BN-350.jpg\"><img loading=\"lazy\" decoding=\"async\" class=\" size-full wp-image-101 alignright\" src=\"https:\/\/lluisrd.com\/TIC\/wp-content\/uploads\/2014\/12\/LluisRotger-BN-350.jpg\" alt=\"LluisRotger-BN-350\" width=\"353\" height=\"450\" srcset=\"https:\/\/lluisrd.com\/TIC\/wp-content\/uploads\/2014\/12\/LluisRotger-BN-350.jpg 353w, https:\/\/lluisrd.com\/TIC\/wp-content\/uploads\/2014\/12\/LluisRotger-BN-350-235x300.jpg 235w\" sizes=\"auto, (max-width: 353px) 100vw, 353px\" \/><\/a>Llu\u00eds Rotger Domingo (1965) Enginyer en telecomunicacions<\/p>\n<p>Aficionat a la muntanya, les motos cl\u00e0ssiques i els bonsais.<\/p>\n<div class=\"wrapper\">\n<p class=\"color1 pad_bot2\"><strong>Feina, iniciatives i col\u00b7laboracions.<\/strong><\/p>\n<\/div>\n<\/div>\n<ul class=\"list1 pad_bot1\">\n<li style=\"text-align: justify;\"><span style=\"color: #808080;\"><a style=\"color: #808080;\" href=\"http:\/\/escolapiessantmarti.org\/\" target=\"_blank\" rel=\"noopener noreferrer\">Escol\u00e0pies Sant Mart\u00ed<\/a> : Gesti\u00f3 d&#8217;infraestructura i equipament TIC adre\u00e7at a la educaci\u00f3: De pissarres digitals i elements interactius a iPads, Cablatge estructurat, WIFI Firewalls, MDM, Apple School Manager, Suite Google<\/span><\/li>\n<\/ul>\n<ul class=\"list1 pad_bot1\">\n<li style=\"text-align: justify;\"><span style=\"color: #808080;\"><a style=\"color: #808080;\" title=\"Institut d'Ind\u00fastria Sostenible de Barcelona\" href=\"https:\/\/www.isb.cat\/\" target=\"_blank\" rel=\"noopener noreferrer\">Institut d&#8217;Ind\u00fastria Sostenible de Barcelona<\/a> : Professor de Rob\u00f2tica Industrial, Electromedicina i Energies Renovables.<br \/>\n<\/span><\/li>\n<\/ul>\n<ul class=\"list1 pad_bot1\">\n<li style=\"text-align: justify;\"><span style=\"color: #808080;\"><a style=\"color: #808080;\" title=\"lamanetacomunicacion.com\" href=\"http:\/\/lamanetacomunicacion.com\/web\/es\/home\/\" target=\"_blank\" rel=\"noopener noreferrer\">La Maneta Comunicaci\u00f3n<\/a> : Disseny i comercialitzaci\u00f3 de productes WEB, SEO, SEM i Art Media.<br \/>\n<\/span><\/li>\n<\/ul>\n<ul class=\"list1 pad_bot1\">\n<li style=\"text-align: justify;\"><span style=\"color: #808080;\">Col\u2022laboracions freelance amb diferents empreses. WEB, SEO natural, <\/span><a title=\"Google adwords\" href=\"http:\/\/www.google.es\/adwords\/\" target=\"_blank\" rel=\"noopener noreferrer\"><span style=\"color: #0000ff;\">G<span style=\"color: #ff0000;\">o<\/span><span style=\"color: #ffcc00;\">o<\/span>g<span style=\"color: #00ff00;\">l<\/span><span style=\"color: #ff0000;\">e<\/span><\/span><span style=\"color: #808080;\"> Ads<\/span><\/a><span style=\"color: #808080;\">, Fortinet NSE4, Cisco Meraki, Prestashop i WordPress <\/span><\/li>\n<\/ul>\n<div class=\"col1\">\n<div class=\"wrapper\"><span style=\"color: #808080;\">Amb aquests temps de canvis imprevisibles i permanents. Ja no hi ha res per sempre. Ni tan sols els noms de les feines d&#8217;ara existien fa un temps. Ara, m\u00e9s que mai, cal formar-se i informar-se permanentment ja que l&#8217;actualitat tendeix a correr molt m\u00e9s que nosaltres<\/span><\/div>\n<div class=\"wrapper\"><span style=\"color: #808080;\"><span style=\"color: #000000;\"><em>Carpe Diem<\/em><\/span> i <span style=\"color: #000000;\"><em>Tempus Fugit<\/em><\/span> \u00e9s m\u00e9s actual que mai.<\/span><\/div>\n<div class=\"wrapper\"><\/div>\n<div class=\"wrapper\"><\/div>\n<div class=\"wrapper\"><\/div>\n<\/div>\n<\/div>\n<p><span style=\"display: inline-block; width: 0px; overflow: hidden; line-height: 0;\" data-mce-type=\"bookmark\" class=\"mce_SELRES_start\">\ufeff<\/span><span style=\"display: inline-block; width: 0px; overflow: hidden; line-height: 0;\" data-mce-type=\"bookmark\" class=\"mce_SELRES_start\">\ufeff<\/span><span style=\"display: inline-block; width: 0px; overflow: hidden; line-height: 0;\" data-mce-type=\"bookmark\" class=\"mce_SELRES_start\">\ufeff<\/span><span style=\"display: inline-block; width: 0px; overflow: hidden; line-height: 0;\" data-mce-type=\"bookmark\" class=\"mce_SELRES_start\">\ufeff<\/span><span style=\"display: inline-block; width: 0px; overflow: hidden; line-height: 0;\" data-mce-type=\"bookmark\" class=\"mce_SELRES_start\">\ufeff<\/span><span style=\"display: inline-block; width: 0px; overflow: hidden; line-height: 0;\" data-mce-type=\"bookmark\" class=\"mce_SELRES_start\">\ufeff<\/span><span style=\"display: inline-block; width: 0px; overflow: hidden; line-height: 0;\" data-mce-type=\"bookmark\" class=\"mce_SELRES_start\">\ufeff<\/span><span style=\"display: inline-block; width: 0px; overflow: hidden; line-height: 0;\" data-mce-type=\"bookmark\" class=\"mce_SELRES_start\">\ufeff<\/span><!--:--><!--:es--><\/p>\n<div class=\"wrapper pad_bot1\">\n<div class=\"col1\">\n<p class=\"pad_bot1\"><a href=\"https:\/\/lluisrd.com\/TIC\/wp-content\/uploads\/2014\/12\/LluisRotger-BN-350.jpg\"><img loading=\"lazy\" decoding=\"async\" class=\" size-full wp-image-101 alignright\" src=\"https:\/\/lluisrd.com\/TIC\/wp-content\/uploads\/2014\/12\/LluisRotger-BN-350.jpg\" alt=\"LluisRotger-BN-350\" width=\"353\" height=\"450\" srcset=\"https:\/\/lluisrd.com\/TIC\/wp-content\/uploads\/2014\/12\/LluisRotger-BN-350.jpg 353w, https:\/\/lluisrd.com\/TIC\/wp-content\/uploads\/2014\/12\/LluisRotger-BN-350-235x300.jpg 235w\" sizes=\"auto, (max-width: 353px) 100vw, 353px\" \/><\/a>Llu\u00eds Rotger Domingo (1965) Ingeniero de telecomunicaciones<\/p>\n<p>Me encanta la monta\u00f1a, las motos cl\u00e1sicas y los bonsais.<\/p>\n<div class=\"wrapper\">\n<p class=\"color1 pad_bot2\"><strong>Trabajo, iniciativas y colaboraciones.<\/strong><\/p>\n<\/div>\n<\/div>\n<ul class=\"list1 pad_bot1\">\n<li style=\"text-align: justify;\"><span style=\"color: #808080;\"><a style=\"color: #808080;\" href=\"http:\/\/escolapiessantmarti.org\/\" target=\"_blank\" rel=\"noopener noreferrer\">Escol\u00e0pies Sant Mart\u00ed<\/a> : Gesti\u00f3n de infraestructura y equipamiento TIC dirigido a la educaci\u00f3n: De pizarras digitales y elementos interactivos a iPads, cableado estructurado, WIFI, Firewalls, MDM, Apple School Manager, Suite Google<\/span><\/li>\n<\/ul>\n<ul class=\"list1 pad_bot1\">\n<li style=\"text-align: justify;\"><span style=\"color: #808080;\"><a style=\"color: #808080;\" title=\"Institut d'Ind\u00fastria Sostenible de Barcelona\" href=\"https:\/\/www.isb.cat\/\" target=\"_blank\" rel=\"noopener noreferrer\">Institut d&#8217;Ind\u00fastria Sostenible de Barcelona<\/a> : Profesor de Rob\u00f3tica Industrial, Electromedicina y Energ\u00edas Renovables.<br \/>\n<\/span><\/li>\n<\/ul>\n<ul class=\"list1 pad_bot1\">\n<li style=\"text-align: justify;\"><span style=\"color: #808080;\"><a style=\"color: #808080;\" title=\"lamanetacomunicacion.com\" href=\"http:\/\/lamanetacomunicacion.com\/web\/es\/home\/\" target=\"_blank\" rel=\"noopener noreferrer\">La Maneta Comunicaci\u00f3n<\/a> : Dise\u00f1o y comercializaci\u00f3n de productos WEB, SEO y Art Media.<br \/>\n<\/span><\/li>\n<\/ul>\n<ul class=\"list1 pad_bot1\">\n<li style=\"text-align: justify;\"><span style=\"color: #808080;\">Colaboraciones freelance con varias empreses. WEB, SEO natural, <\/span><a title=\"Google adwords\" href=\"http:\/\/www.google.es\/adwords\/\" target=\"_blank\" rel=\"noopener noreferrer\"><span style=\"color: #0000ff;\">G<span style=\"color: #ff0000;\">o<\/span><span style=\"color: #ffcc00;\">o<\/span>g<span style=\"color: #00ff00;\">l<\/span><span style=\"color: #ff0000;\">e<\/span><\/span><span style=\"color: #808080;\"> Ads<\/span><\/a><span style=\"color: #808080;\">, Fortinet NSE4, Prestashop y WordPress <\/span><\/li>\n<\/ul>\n<div class=\"col1\">\n<div class=\"wrapper\"><span style=\"color: #808080;\">Con estos tiempos de cambios impredecibles y permanentes. Nada es para siempre. Incluso los nombres de los trabajos actuales no exist\u00edan hace un tiempo. Ahora, m\u00e1s que nunca, hay que formarse e informarse permanentemente ya que la actualidad tiende a correr mucho m\u00e1s que nosotros<\/span><\/div>\n<div class=\"wrapper\"><span style=\"color: #808080;\"><span style=\"color: #000000;\"><em>Carpe Diem<\/em><\/span> y <span style=\"color: #000000;\"><em>Tempus Fugit<\/em><\/span> es m\u00e1s actual que nunca.<\/span><\/div>\n<div class=\"wrapper\"><\/div>\n<div class=\"wrapper\"><\/div>\n<div class=\"wrapper\"><\/div>\n<\/div>\n<\/div>\n<p><span style=\"display: inline-block; width: 0px; overflow: hidden; line-height: 0;\" data-mce-type=\"bookmark\" class=\"mce_SELRES_start\">\ufeff<\/span><span style=\"display: inline-block; width: 0px; overflow: hidden; line-height: 0;\" data-mce-type=\"bookmark\" class=\"mce_SELRES_start\">\ufeff<\/span><span style=\"display: inline-block; width: 0px; overflow: hidden; line-height: 0;\" data-mce-type=\"bookmark\" class=\"mce_SELRES_start\">\ufeff<\/span><span style=\"display: inline-block; width: 0px; overflow: hidden; line-height: 0;\" data-mce-type=\"bookmark\" class=\"mce_SELRES_start\">\ufeff<\/span><span style=\"display: inline-block; width: 0px; overflow: hidden; line-height: 0;\" data-mce-type=\"bookmark\" class=\"mce_SELRES_start\">\ufeff<\/span><span style=\"display: inline-block; width: 0px; overflow: hidden; line-height: 0;\" data-mce-type=\"bookmark\" class=\"mce_SELRES_start\">\ufeff<\/span><span style=\"display: inline-block; width: 0px; overflow: hidden; line-height: 0;\" data-mce-type=\"bookmark\" class=\"mce_SELRES_start\">\ufeff<\/span><span style=\"display: inline-block; width: 0px; overflow: hidden; line-height: 0;\" data-mce-type=\"bookmark\" class=\"mce_SELRES_start\">\ufeff<\/span><span style=\"display: inline-block; width: 0px; overflow: hidden; line-height: 0;\" data-mce-type=\"bookmark\" class=\"mce_SELRES_start\">\ufeff<\/span><span style=\"display: inline-block; width: 0px; overflow: hidden; line-height: 0;\" data-mce-type=\"bookmark\" class=\"mce_SELRES_start\">\ufeff<\/span><span style=\"display: inline-block; width: 0px; overflow: hidden; line-height: 0;\" data-mce-type=\"bookmark\" class=\"mce_SELRES_start\">\ufeff<\/span><span style=\"display: inline-block; width: 0px; overflow: hidden; line-height: 0;\" data-mce-type=\"bookmark\" class=\"mce_SELRES_start\">\ufeff<\/span><!--:--><!--:en--><\/p>\n<div class=\"wrapper pad_bot1\">\n<div class=\"col1\">\n<p class=\"pad_bot1\"><a href=\"https:\/\/lluisrd.com\/TIC\/wp-content\/uploads\/2014\/12\/LluisRotger-BN-350.jpg\"><img loading=\"lazy\" decoding=\"async\" class=\" size-full wp-image-101 alignright\" src=\"https:\/\/lluisrd.com\/TIC\/wp-content\/uploads\/2014\/12\/LluisRotger-BN-350.jpg\" alt=\"LluisRotger-BN-350\" width=\"353\" height=\"450\" srcset=\"https:\/\/lluisrd.com\/TIC\/wp-content\/uploads\/2014\/12\/LluisRotger-BN-350.jpg 353w, https:\/\/lluisrd.com\/TIC\/wp-content\/uploads\/2014\/12\/LluisRotger-BN-350-235x300.jpg 235w\" sizes=\"auto, (max-width: 353px) 100vw, 353px\" \/><\/a>Llu\u00eds Rotger Domingo (1965) Telecommunications engineer<\/p>\n<p>I like mountain, classic motorcycles and bonsai.<\/p>\n<div class=\"wrapper\">\n<p class=\"color1 pad_bot2\"><strong>Work, initiatives and collaborations.<\/strong><\/p>\n<\/div>\n<\/div>\n<ul class=\"list1 pad_bot1\">\n<li style=\"text-align: justify;\"><span style=\"color: #808080;\"><a style=\"color: #808080;\" href=\"http:\/\/escolapiessantmarti.org\/\" target=\"_blank\" rel=\"noopener noreferrer\">Escol\u00e0pies Sant Mart\u00ed<\/a> : ICT infrastructure and equipment management for education: From whiteboards and interactive elements to iPads, structured cabling system, WIFI, firewalls, MDM, Apple School Manager, Suite Google<\/span><\/li>\n<\/ul>\n<ul class=\"list1 pad_bot1\">\n<li style=\"text-align: justify;\"><span style=\"color: #808080;\"><a style=\"color: #808080;\" title=\"Institut d'Ind\u00fastria Sostenible de Barcelona\" href=\"https:\/\/www.isb.cat\/\" target=\"_blank\" rel=\"noopener noreferrer\">Institut d&#8217;Ind\u00fastria Sostenible de Barcelona<\/a> : Industrial Robotics, Electromedicine and Renewable Energies teacher.<br \/>\n<\/span><\/li>\n<\/ul>\n<ul class=\"list1 pad_bot1\">\n<li style=\"text-align: justify;\"><span style=\"color: #808080;\"><a style=\"color: #808080;\" title=\"lamanetacomunicacion.com\" href=\"http:\/\/lamanetacomunicacion.com\/web\/es\/home\/\" target=\"_blank\" rel=\"noopener noreferrer\">La Maneta Comunicaci\u00f3n<\/a> : WEB Design and marketing, SEO, SEM and Art Media products.<br \/>\n<\/span><\/li>\n<\/ul>\n<ul class=\"list1 pad_bot1\">\n<li style=\"text-align: justify;\"><span style=\"color: #808080;\">Freelance collaborations with business. WEB, natural SEO,, <\/span><a title=\"Google adwords\" href=\"http:\/\/www.google.es\/adwords\/\" target=\"_blank\" rel=\"noopener noreferrer\"><span style=\"color: #0000ff;\">G<span style=\"color: #ff0000;\">o<\/span><span style=\"color: #ffcc00;\">o<\/span>g<span style=\"color: #00ff00;\">l<\/span><span style=\"color: #ff0000;\">e<\/span><\/span><span style=\"color: #808080;\"> Ads<\/span><\/a><span style=\"color: #808080;\">, Fortinet NSE4, Prestashop and WordPress <\/span><\/li>\n<\/ul>\n<div class=\"col1\">\n<div class=\"wrapper\"><span style=\"color: #808080;\">With these times of unpredictable and permanent changes. Nothing is gone forever. Even the names of current jobs didn&#8217;t exist a while ago. Now, more than ever, we have to be permanently trained and informed, as the current situation tends to run much more than we do<\/span><\/div>\n<div class=\"wrapper\"><span style=\"color: #808080;\"><span style=\"color: #000000;\"><em>Carpe Diem<\/em><\/span> and <span style=\"color: #000000;\"><em>Tempus Fugit<\/em><\/span> it is more current than ever.<\/span><\/div>\n<div class=\"wrapper\"><\/div>\n<div class=\"wrapper\"><\/div>\n<div class=\"wrapper\"><\/div>\n<\/div>\n<\/div>\n<p><span style=\"display: inline-block; width: 0px; overflow: hidden; line-height: 0;\" data-mce-type=\"bookmark\" class=\"mce_SELRES_start\">\ufeff<\/span><span style=\"display: inline-block; width: 0px; overflow: hidden; line-height: 0;\" data-mce-type=\"bookmark\" class=\"mce_SELRES_start\">\ufeff<\/span><span style=\"display: inline-block; width: 0px; overflow: hidden; line-height: 0;\" data-mce-type=\"bookmark\" class=\"mce_SELRES_start\">\ufeff<\/span><span style=\"display: inline-block; width: 0px; overflow: hidden; line-height: 0;\" data-mce-type=\"bookmark\" class=\"mce_SELRES_start\">\ufeff<\/span><span style=\"display: inline-block; width: 0px; overflow: hidden; line-height: 0;\" data-mce-type=\"bookmark\" class=\"mce_SELRES_start\">\ufeff<\/span><span style=\"display: inline-block; width: 0px; overflow: hidden; line-height: 0;\" data-mce-type=\"bookmark\" class=\"mce_SELRES_start\">\ufeff<\/span><span style=\"display: inline-block; width: 0px; overflow: hidden; line-height: 0;\" data-mce-type=\"bookmark\" class=\"mce_SELRES_start\">\ufeff<\/span><span style=\"display: inline-block; width: 0px; overflow: hidden; line-height: 0;\" data-mce-type=\"bookmark\" class=\"mce_SELRES_start\">\ufeff<\/span><span style=\"display: inline-block; width: 0px; overflow: hidden; line-height: 0;\" data-mce-type=\"bookmark\" class=\"mce_SELRES_start\">\ufeff<\/span><span style=\"display: inline-block; width: 0px; overflow: hidden; line-height: 0;\" data-mce-type=\"bookmark\" class=\"mce_SELRES_start\">\ufeff<\/span><span style=\"display: inline-block; width: 0px; overflow: hidden; line-height: 0;\" data-mce-type=\"bookmark\" class=\"mce_SELRES_start\">\ufeff<\/span><!--:--><\/p>\n","protected":false},"excerpt":{"rendered":"<p>\ufeff Llu\u00eds Rotger Domingo (1965) Enginyer en telecomunicacions Aficionat a la muntanya, les motos cl\u00e0ssiques i els bonsais. Feina, iniciatives i col\u00b7laboracions. Escol\u00e0pies Sant Mart\u00ed : Gesti\u00f3 d&#8217;infraestructura i equipament TIC adre\u00e7at a la educaci\u00f3: De pissarres digitals i elements interactius a iPads, Cablatge estructurat, WIFI Firewalls, MDM, Apple School Manager, Suite Google Institut d&#8217;Ind\u00fastria [&hellip;]<\/p>\n","protected":false},"author":3,"featured_media":11,"parent":0,"menu_order":0,"comment_status":"closed","ping_status":"open","template":"page-fullwidth.php","meta":{"footnotes":""},"class_list":["post-8","page","type-page","status-publish","has-post-thumbnail","hentry"],"_links":{"self":[{"href":"https:\/\/lluisrd.com\/TIC\/wp-json\/wp\/v2\/pages\/8","targetHints":{"allow":["GET"]}}],"collection":[{"href":"https:\/\/lluisrd.com\/TIC\/wp-json\/wp\/v2\/pages"}],"about":[{"href":"https:\/\/lluisrd.com\/TIC\/wp-json\/wp\/v2\/types\/page"}],"author":[{"embeddable":true,"href":"https:\/\/lluisrd.com\/TIC\/wp-json\/wp\/v2\/users\/3"}],"replies":[{"embeddable":true,"href":"https:\/\/lluisrd.com\/TIC\/wp-json\/wp\/v2\/comments?post=8"}],"version-history":[{"count":57,"href":"https:\/\/lluisrd.com\/TIC\/wp-json\/wp\/v2\/pages\/8\/revisions"}],"predecessor-version":[{"id":359,"href":"https:\/\/lluisrd.com\/TIC\/wp-json\/wp\/v2\/pages\/8\/revisions\/359"}],"wp:featuredmedia":[{"embeddable":true,"href":"https:\/\/lluisrd.com\/TIC\/wp-json\/wp\/v2\/media\/11"}],"wp:attachment":[{"href":"https:\/\/lluisrd.com\/TIC\/wp-json\/wp\/v2\/media?parent=8"}],"curies":[{"name":"wp","href":"https:\/\/api.w.org\/{rel}","templated":true}]}}